220 = y. Is q a composite number?
True
Suppose q - 6*f = -f + 21, -f = -3*q + 21. Let s(g) = g**3 - 5*g**2 - 6*g. Let j be s(q). Suppose r - 64 - 49 = j. Is r a composite number?
False
Let h be 825/121 + 4/22. Let j = 578 - -1352. Suppose -3*x = h - j. Is x a prime number?
True
Let r be (-1)/((2/1)/2). Let u be (-1 - r)/((-6)/(-6)). Suppose -3 = 3*c, u = p - 4*p + c + 319. Is p composite?
True
Let y = 9809 + -2702. Suppose 1868 = 5*x - y. Is x composite?
True
Let v = 47 + -24. Suppose -3 + v = m. Let p = m + 69. Is p composite?
False
Let j(n) = n**3 - n**2 + 2*n - 342. Let o(m) = -m**3 + m**2 - 2*m + 341. Let z(s) = 3*j(s) + 2*o(s). Let h be z(0). Let f = 29 - h. Is f composite?
False
Let v(b) = -b**2 - 10*b - 6. Let x(t) = -t**2 - 5*t - 4. Let y be x(-6). Let i be v(y). Is ((-254)/(-4))/((-3)/i) a prime number?
True
Suppose 0 = -15*m + 17*m - a - 7724, 2*m + a = 7724. Is m composite?
True
Let b(l) = -57*l - 2. Let y(w) = -29*w - 1. Let s(d) = -6*b(d) + 10*y(d). Let f be s(12). Suppose -6*u = -1828 - f. Is u a prime number?
True
Let b = 265 - -31. Suppose -4*r + b = 4*a, r + 72 = 2*a - 88. Suppose 3*s - a = s. Is s composite?
True
Let v(z) = z**3 + 2 - 5*z**2 + 3*z**2 - 3*z + 4*z**2. Let l be v(-3). Suppose -l*u + 33 = -133. Is u composite?
False
Let m(q) = 390*q**3 - 1. Let g be m(1). Suppose -4*o + 847 = -2353. Let d = o - g. Is d composite?
True
Suppose 0 = b - 5*n - 5 + 1, -2*b + 2*n = -32. Let g = b - 13. Is -1 + 490 + (4 - g) a composite number?
False
Let y be ((-5)/(-10))/(4/408). Let s(o) = -227*o + 1. Let l be s(-1). Let a = l - y. Is a prime?
False
Suppose 5 = 5*z - 3*a - 11, 0 = 3*z - 5*a. Suppose c = -3*f + 22 - 5, z*f = 4*c. Suppose 158 = c*s + 43. Is s a composite number?
False
Suppose 4*f = f + a - 13, -2*a + 8 = -3*f. Let c(j) be the third derivative of -j**6/120 - j**5/10 - j**4/8 + j**3/6 - 11*j**2. Is c(f) a prime number?
True
Suppose -17*h = -30*h + 339209. Is h prime?
False
Let r = 2810 - 1546. Suppose 5110 = 4*l + 2*m, 4*l + 5*m - r = 3*l. Is l prime?
True
Suppose 46*s - 87*s = -95653. Is s a prime number?
True
Let z be (27/6)/((-4)/(-8)). Let t be (7 - z)/(0 - 1). Suppose 6097 = t*d + 5*d. Is d composite?
True
Let s(a) = -a**2 - 6*a - 7. Let i(k) = -k + 4. Let y be i(9). Let r be s(y). Is r - (-23 + 0 + -2) a prime number?
True
Let n = 5579 + 386. Is n a prime number?
False
Let w(y) = y**3 - 8*y**2 - 10*y + 17. Let k be w(12). Let b = 844 + k. Is b a composite number?
True
Suppose 8*h + 3*h - 38401 = 0. Is h prime?
True
Suppose -8*s - 1916 - 6596 = 0. Let o = -1518 - s. Let p = o - -831. Is p prime?
False
Let w be ((-6)/(-14))/(14/49)*2. Suppose 4*k + 4*y = 2*k + 6734, -k + 3392 = -w*y. Is k a prime number?
False
Let i(u) = 8*u. Let l be i(1). Let d(k) = 28*k**2 - 17*k - 7. Is d(l) composite?
True
Suppose -245*u - 5180675 = -270*u. Is u composite?
False
Let k(c) = -c**2 - 7*c - 2. Let s be k(-7). Let z be s/2 - (1 + -5). Suppose 40 = 2*q - 2*t - 60, -q + z*t = -52. Is q a composite number?
True
Suppose -42 = -3*j - k, 4*j - 5*k = -0*j + 56. Let c = j + -12. Suppose 4*h - c*x + x - 461 = 0, -2*x = -2*h + 232. Is h prime?
False
Suppose -3*p + 0*p - 36 = -5*k, 32 = 4*k - 4*p. Suppose -30 = -3*t - 2*q + 14, -t + 4*q + 10 = 0. Is 204/k*t/4 composite?
True
Let x be 2/(-3) + (-120)/(-18). Is ((-2949)/x*-1)/(1/2) a prime number?
True
Suppose 5*a = 2*a + 19485. Let c = a - 3610. Is c composite?
True
Let t be (-1 - -1766) + 0 + -1. Suppose -k + 3*a + 596 = 0, 3*k - 3*a + 2*a - t = 0. Is k prime?
True
Is (118 - 120) + (-29319)/(-1) composite?
True
Let u be ((-2)/4)/((-1)/(-1836)). Let w be u/(-3) - 0/1. Suppose 975 = 3*o + w. Is o a prime number?
True
Suppose -4*m + 2*q + 2*q = -48, 0 = 2*q. Let k(j) = -16*j + 10. Let o be k(m). Let n = -113 - o. Is n composite?
True
Let t be (1 - 0)/(1/2). Let v be (108/14)/(t/14). Let k = 112 - v. Is k a prime number?
False
Is 20/(-190) + 240581/209 a prime number?
True
Let u = 10 - 9. Let i be 3 + u - (0 + 2). Is 443 - (-5 + 1 + i) prime?
False
Let s(m) = 16*m**2 - 19*m + 419. Is s(-46) composite?
False
Let l = 651 + 247. Suppose 5*s + 2011 + 2015 = 3*w, w + s - 1350 = 0. Suppose -o = -z - z + l, -w = -3*z - 5*o. Is z a prime number?
True
Suppose -a = -h - 880, 6*a + 2*h - 2630 = 3*a. Suppose i + a = 3*i. Let j = i + -296. Is j prime?
False
Let q(o) = 11*o**3 + 3*o**2 - 3*o. Let u be 17/(-4) - (-3)/12. Let y be (-9)/u + (-6)/24. Is q(y) a composite number?
True
Is 23/(-207) - 579250/(-9) prime?
False
Suppose 3*d - 5*u = 26, 4*u = -u - 20. Suppose -4*k - 72 = 4*s, s - d*s - 3*k = 16. Let a(r) = 4*r**2 + 15*r - 8. Is a(s) a prime number?
True
Let f(u) = 22*u**2 - u - 3. Let y be f(2). Suppose y = 2*g - 71. Is g a composite number?
True
Let t(w) = -w**2 - 13*w - 1. Let q be t(-13). Is -36*16/(-6) - q a composite number?
False
Suppose -u + 0*u + 1275 = 5*f, 0 = 5*f + 5*u - 1255. Let g = f - -525. Is g prime?
False
Let k be 3/27 - 10/9. Is 404 + (k + 3 - 3) composite?
True
Let q be ((-81)/(-6))/((-9)/(-1776)). Let u = q - 1867. Is u a prime number?
True
Suppose 3*d = -2*h - 969, 0 = -3*h + 3*d - 4*d - 1436. Let o = 818 + h. Is o a composite number?
True
Let d = 48 + -45. Let t(u) = 3*u**3 - u - 3*u + 4*u**2 + 0*u**2 + 2*u**3. Is t(d) prime?
False
Let g = -2921 - -5628. Is g composite?
False
Let u = -4397 - -7948. Is u a composite number?
True
Let h = -10 + 4. Let x(a) be the third derivative of -a**6/120 - a**5/12 - a**4/3 - a**3/6 - 24*a**2. Is x(h) composite?
False
Let d be (-10)/25 - (-3537)/5. Let x = d - -92. Is x prime?
False
Let r be (3/(12/8))/((-2)/(-4)). Suppose -r*x = -x - 4197. Is x composite?
False
Let o be -5*(2 + 0/(-4)). Suppose -3*y = 5*i - 763, 6*i - 5*i - 4*y = 171. Let x = o + i. Is x a composite number?
True
Let l = 379 - 269. Suppose 0*k = 5*k + l. Let b = k - -24. Is b prime?
True
Let q = 5 + 3. Let p be (-1455)/(-4) - (-2)/q. Let a = 549 - p. Is a prime?
False
Let l = -4462 + 6351. Is l a composite number?
False
Let d = 53 - 70. Let c = d - -195. Is c a prime number?
False
Suppose -t = 4*t - 13140. Is (-11)/(-11) + t/2 a prime number?
False
Let r(t) be the third derivative of -t**5/60 - t**4/2 - 2*t**3/3 - 4*t**2. Let i be r(-11). Suppose -327 = 4*n - i*n. Is n prime?
True
Let z(s) = 22*s**2 - 25*s + 17. Is z(-16) a prime number?
False
Let l(h) = -8*h + 3 + 4 - 2 - h**2 - 6. Let n be l(-7). Suppose 0*p = n*p - 5190. Is p a composite number?
True
Let f = 29 - 29. Suppose 2*d - d - 87 = f. Is d a composite number?
True
Let d = 4189 - 1170. Is d prime?
True
Let v(h) = -h**2 + 12*h - 8. Let g be v(11). Suppose w + g*w = 1072. Suppose -q + w = 3*q. Is q composite?
False
Suppose 122506 = 5*u - 3*m - 6664, 20 = 4*m. Is u composite?
True
Suppose 0 = -2*d - 3*g - 1 + 16, 0 = 2*d + 4*g - 20. Suppose 0*q + q - 6 = d. Suppose 4*w + 422 = q*w. Is w prime?
True
Let n(p) = -152*p**3 + 3*p**2 + 8*p + 20. Is n(-3) a prime number?
True
Let z(o) = o**3 + o**2 + o. Let l(i) = -7*i**3 + 2*i**2 + i - 15. Let j(s) = -l(s) - 6*z(s). Suppose 4*g - 30 = g. Is j(g) a composite number?
True
Suppose -8686 - 20348 = -9*f. Is f a composite number?
True
Suppose -8*c + 5*c + 4*i + 121865 = 0, 162435 = 4*c + 5*i. Is c composite?
True
Suppose 0 = -336*l + 330*l + 144174. Is l prime?
True
Is (4 + 60/(-18))/(2/40773) a composite number?
False
Let l be 2/(-10) + (-1096)/(-5). Let j = -129 + l. Let r = -13 + j. Is r a prime number?
False
Let q = 0 - -9. Let v = q - 9. Is -5 + 360 - (0 + v) prime?
False
Let c(x) = 3*x - 6*x - 21 + 13*x + 5*x. Is c(6) a prime number?
False
Let l = -26 - -26. Suppose l = -5*n + 627 + 868. Is n composite?
True
Let o = -19 + 26. Suppose 0 = o*h - 8*h + 845. Let g = h - 474. Is g a prime number?
False
Is (-631119)/(-36) + (-3)/36 a composite number?
True
Let p(i) = i + 5. Let f be p(-2). Suppose f*d - 20 = -2*d, -3*g = 4*d - 2737. Is g composite?
False
Suppose 4 = -2*m + 5*c, -2*m - c = -2 - 6. Is m + 0 + (116 - 4) a prime number?
False
Let x = -682 + 154. Suppose -4*s - 5*o = 1403, -5*s = -2*o + 695 + 1034. Let m = s - x. Is m a prime number?
True
Is 32490/22 - (18/(-99))/1 a composite number?
True
Let h = -8 + 8. Suppose -5*b + 11 + 19 = h. Is 615*(1 - 4/b) composite?
True
Let n(i) = 45*i**2 - 4*i + 4. Let h be n(-3). Let x be 305*-4*1/(-5). Let b = h - x. Is b a composite number?